tor of s and 9?
9
Let a be (-46)/(-11) - 6/33. Let k be a/18 - (-97)/9. What is the highest common divisor of k and 44?
11
Let w = 1274 - 903. Calculate the highest common factor of w and 28.
7
Let r(z) = -z + 29. Let n be r(-8). Calculate the highest common divisor of n and 666.
37
Suppose 5*s - 695 = -155. Suppose 27 = 5*g - s. Calculate the highest common factor of 3 and g.
3
Let k be (-1 + 28/12)/(-1)*222. Let n = -204 - k. What is the highest common divisor of 138 and n?
46
Suppose -4*d = -0*d - 300. Let o = d - 65. Let m = 4 + 1. Calculate the greatest common factor of o and m.
5
Let f(p) be the third derivative of -p**6/120 + p**5/20 + 5*p**4/12 + p**3/3 - 12*p**2. Let h be f(5). What is the greatest common divisor of h and 2?
2
Let t be (4/(-2) + 15)*7. Let f be 7/(1 + (-2 - -2)). What is the highest common factor of f and t?
7
Suppose -w + 676 = 5*v + 610, 8*w - 224 = -2*v. Let t = 164 - 86. What is the greatest common factor of w and t?
26
Suppose -19 + 43 = 8*w. What is the highest common divisor of w and 6?
3
Let y be ((-25)/4)/((-1)/4). Let b(u) = 18*u - 6. Let l(s) = s + 1. Let h(v) = -b(v) + 5*l(v). Let x be h(-3). What is the highest common factor of y and x?
25
Suppose 15*m - 231 = 8*m. Let d = 15 - 4. What is the highest common divisor of d and m?
11
Let h be 4/4*(17 - 15). Suppose -4*a + 17 = -47. What is the greatest common factor of a and h?
2
Suppose 4*w - 2*w - 880 = 0. What is the highest common factor of w and 20?
20
Suppose 5*v - k - 35 = 4*k, -v - 4*k - 13 = 0. What is the highest common divisor of v and 2?
1
Suppose -t - v + 105 = 2*v, 5*v + 445 = 5*t. Suppose 4*f - 69 = 3*n, 5*f - n - t = -4*n. Calculate the greatest common divisor of 18 and f.
18
Suppose -184 = -5*l - 4*b, 2*l - 3*b = -6*b + 68. Suppose -2 = -2*c + 14. Calculate the highest common factor of c and l.
8
Let i = -510 - -521. Let t be 14 + (0 - 2)/1. Suppose -2*p + 3*p - t = -k, -5*k + 2*p = -53. What is the highest common divisor of i and k?
11
Let m(s) = -2*s**3 - 12*s**2 - 3*s - 5. Let l be m(-6). What is the highest common divisor of 221 and l?
13
Let m = -32 + 34. Let y be 19 + -5 + m/(-1). Let v be (-2926)/(-35) + 2/5. What is the highest common factor of y and v?
12
Suppose 3*a - 4*h = 69, 5*a - 41 = h + 91. Let y = -25 + a. Suppose 4 = y*o - 4. What is the greatest common divisor of 4 and o?
4
Suppose 5*t + 3*q - 1295 = -q, -t + 5*q + 288 = 0. Let a = -20 + t. What is the greatest common divisor of 27 and a?
27
Let c be ((154/35)/(-11))/(2/40). Let r(g) = g**2 - g + 24. Let t be r(c). What is the greatest common divisor of 240 and t?
48
Suppose 3*f - 232 = r, 5*r - 165 = -4*f + 157. What is the greatest common divisor of 78 and f?
78
Suppose 29 + 2 = j. Let z be 372/(-6)*2*-1. What is the highest common divisor of z and j?
31
Let p(z) = z**2 + 8*z - 59. Let s be p(6). What is the highest common factor of s and 375?
25
Let f(n) = 9*n**3 + 2*n**2 - 4*n + 3. Let c be f(1). Suppose -m + 2*t + 50 = 2*m, 0 = -2*t + c. What is the greatest common factor of 20 and m?
20
Suppose 90 = x - 310. What is the highest common divisor of 16 and x?
16
Let r = -162 - -176. Calculate the greatest common factor of 6 and r.
2
Let v = 109 + -76. Suppose -4*x - 18 = -y, -4*y - 2*x + x = -89. What is the highest common factor of v and y?
11
Let a(w) = -21*w + 6. Let c be a(4). Let f = 133 + c. What is the greatest common factor of f and 22?
11
Let d(l) = l**3 - 21*l**2 + 10*l - 66. Let p be d(21). What is the highest common factor of p and 9?
9
Let z = 29 - 13. Let d = -11 + z. Suppose 0 = -5*a + 5*i + 260, 2*a - 2*i = -d*i + 129. What is the highest common factor of a and 19?
19
Suppose -28*k + 88 = 4. Calculate the highest common factor of 543 and k.
3
Let j = 47 + -12. Suppose p - 32 - 108 = 0. What is the greatest common divisor of p and j?
35
Let t = 932 + -736. Let v(o) = -o**2 + 15*o - 7. Let a be v(7). Calculate the highest common divisor of a and t.
49
Let j = -1292 + 1337. What is the highest common factor of j and 117?
9
Let l = 15 + -15. Let d be -4*(-9)/(3 + l). Let t be 200/8 + (-3 - -2). What is the highest common divisor of t and d?
12
Let l = -224 - -237. Let j(g) = -24*g - 3. Let z be j(-5). What is the highest common factor of z and l?
13
Suppose 0 = -3*l + 9, z + 5*l = 29 + 17. Calculate the highest common divisor of z and 31.
31
Let m(g) = 154*g**2 + 20*g - 40. Let p be m(2). What is the greatest common divisor of 112 and p?
56
Let k(w) = w**3 - 12*w**2 + 12*w - 5. Let m be k(11). Suppose -m*q + 24 = -5*q. Let r = -5 + q. What is the highest common factor of r and 57?
19
Suppose 20 = -5*g, -3*c - 2*g + 32 = -c. Let z be (-2)/5 - (-204)/10. Suppose 32*m = 31*m + z. Calculate the highest common factor of m and c.
20
Suppose 3*d - d - 226 = n, -d = -4*n - 99. Calculate the highest common factor of d and 20.
5
Suppose -5*f - 2*y = -829, 4*f + 7*y - 654 = 10*y. What is the highest common divisor of 66 and f?
33
Suppose -11*u + 22 + 99 = 0. Calculate the greatest common factor of 209 and u.
11
Suppose -u + 3*u = 24. Suppose -9*h + 15 = -3. Suppose 4*z - h*t = 8, -2*z = t + 2*t - 20. Calculate the highest common factor of u and z.
4
Let b(o) = 8*o - 281. Let s be b(38). Calculate the greatest common factor of 299 and s.
23
Let i be 6472/(-6) - (-6)/9. Let z be i/(-6) - 7/(-21). Let f be (z/48)/((-3)/(-56)). Calculate the highest common divisor of 10 and f.
10
Suppose 1101 - 5349 = -9*v. Calculate the highest common divisor of v and 8.
8
Suppose 3*q - 116 + 8 = 2*l, -2*l - 72 = -2*q. Suppose -3*c = -4*r + 81, 2*c - 28 = -2*r + 6*c. What is the greatest common divisor of r and q?
12
Suppose 2*u + 7 - 3 = 0. Let l be (-4 + (-28)/8)*u. Let h be l - 4/12*0. Calculate the highest common divisor of h and 45.
15
Let n = 75 - -117. Suppose 52 = 2*v - 4*m, 11*v + 5*m + 125 = 16*v. What is the highest common divisor of n and v?
24
Let l(s) = 23*s**3 - 3*s**2 + 3*s - 1. Let c be l(1). Let w be -1 + c - (-3 - -1). Calculate the greatest common divisor of w and 23.
23
Suppose t = 231 - 10. Calculate the greatest common factor of 52 and t.
13
Suppose -5*y - 3*i + 171 = 0, -y = -3*y + 5*i + 87. What is the greatest common factor of 60 and y?
12
Let f(o) = -o**3 + 28*o**2 + 31*o - 50. Let c be f(29). Let j = -2 + 2. Let q be j*(-2)/(-4) + 88. What is the greatest common divisor of c and q?
8
Suppose 2*b + 2*b - 396 = -4*q, q - 5*b = 81. Suppose 0 = -2*y - 0*y + 4*p + q, 10 = 2*p. Calculate the highest common divisor of y and 29.
29
Let a(d) = -17*d - 95. Let i be a(-27). Suppose -2*f - 4*v = -0*f - i, 0 = -f + 5*v + 161. Calculate the greatest common divisor of 22 and f.
22
Let u(j) = -j**3 + 8*j**2 - 4*j + 1. Let v be u(7). Suppose v = 2*c + 5*i, 0 = -0*i + 5*i + 20. What is the greatest common divisor of c and 84?
21
Let u be ((-24)/(-3) + -7)*27. Calculate the greatest common factor of 21 and u.
3
Suppose 2*o + 4*a - 56 = 0, a + 16 = -3*a. Suppose o = -4*m + 156. What is the greatest common factor of m and 105?
15
Suppose -4*a - 2*i + 14 = 0, 4 = 3*a - i + 1. Suppose n - 3*p = 0, 4*n - a = p + 53. Calculate the highest common factor of 45 and n.
15
Let y(b) be the first derivative of 9*b**2 + 40*b - 16. Let j be y(4). What is the greatest common factor of j and 16?
16
Let w be (-2)/5*(-1 + -4). Let l = 293 + 164. Suppose -59 = 4*d - w*k - l, -d - 2*k = -97. Calculate the greatest common factor of 9 and d.
9
Let n = 2213 - 2017. Calculate the greatest common divisor of 504 and n.
28
Let y = 113 + -81. Suppose 3*l - 3*a = -l + y, 3*l - 53 = -5*a. Calculate the highest common divisor of l and 99.
11
Let m(y) = y**2 + 16*y - 11. Let t = 9 - 26. Let h be m(t). Calculate the greatest common factor of 4 and h.
2
Suppose -2*c + 18 = c. Let f be (-2 - (-15)/c)*504. Suppose 12*r = 5*r + f. What is the greatest common divisor of r and 24?
12
Let i be -5 + 1 + 3 + 27/3. Let y be (4 - i) + 1 - -264. Calculate the highest common divisor of 29 and y.
29
Let g = -8 + 12. Let u(k) = g - 12 + 6*k + 2*k. Let q be u(4). What is the highest common factor of 60 and q?
12
Suppose 18*p = 14*p + 512. Calculate the highest common divisor of 4 and p.
4
Let b = -48 - -48. Let z be 2 - (b - 196)*5/10. What is the highest common divisor of 40 and z?
20
Let k(n) = n**2 + 4*n + 7. Let j be k(-6